{"id":69,"date":"2020-01-27T08:05:29","date_gmt":"2020-01-27T08:05:29","guid":{"rendered":"https:\/\/demosites.io\/web-agency-gb\/?page_id=69"},"modified":"2024-01-03T15:40:04","modified_gmt":"2024-01-03T15:40:04","slug":"15c42-web-agency-gb-portfolio","status":"publish","type":"page","link":"https:\/\/reinasbuckfast.es\/index.php\/15c42-web-agency-gb-portfolio\/","title":{"rendered":"As\u00ed trabajamos"},"content":{"rendered":"\n<div class=\"wp-block-cover alignfull\" style=\"min-height:300px;aspect-ratio:unset;\"><span aria-hidden=\"true\" class=\"wp-block-cover__background has-nv-site-bg-background-color has-background-dim-100 has-background-dim\"><\/span><div class=\"wp-block-cover__inner-container is-layout-flow wp-block-cover-is-layout-flow\">\n<div class=\"wp-block-cover alignfull is-light\" style=\"min-height:600px;aspect-ratio:unset;\"><span aria-hidden=\"true\" class=\"wp-block-cover__background has-nv-site-bg-background-color has-background-dim\"><\/span><div class=\"wp-block-cover__inner-container is-layout-flow wp-block-cover-is-layout-flow\">\n<div class=\"wp-block-group\"><div class=\"wp-block-group__inner-container is-layout-flow wp-block-group-is-layout-flow\">\n<div class=\"wp-block-columns are-vertically-aligned-center is-layout-flex wp-container-core-columns-is-layout-9d6595d7 wp-block-columns-is-layout-flex\">\n<div class=\"wp-block-column is-vertically-aligned-center is-layout-flow wp-block-column-is-layout-flow\" style=\"flex-basis:50%\">\n<h2 class=\"wp-block-heading has-text-align-left has-neve-text-color-color has-text-color\">Fecundaciones.<\/h2>\n\n\n\n<p class=\"has-text-align-left has-neve-text-color-color has-text-color\" style=\"font-size:17px\">Solo utilizamos princesas hijas de nuestras mejores madres, las <strong>fecundaciones son naturales<\/strong>, producidas en su totalidad <strong>en los parajes del desierto de \u00abLos Monegros\u00bb<\/strong>, Zaragoza. Lo que nos da la seguridad de una <strong>optima de reserva seminal<\/strong>, por este m\u00e9todo, evitando vaciado y esterilidad prematura, y de la <strong>inexistente contaminaci\u00f3n de raza<\/strong>, por la imposibilidad de subsistir la abeja por si sola en este lugar, y por ende, de z\u00e1nganos que no sean los nuestros y seleccionados<\/p>\n<\/div>\n\n\n\n<div class=\"wp-block-column is-vertically-aligned-center is-layout-flow wp-block-column-is-layout-flow\" style=\"flex-basis:50%\"><div class=\"wp-block-image\">\n<figure class=\"aligncenter size-large is-resized\"><img loading=\"lazy\" decoding=\"async\" width=\"787\" height=\"1024\" src=\"http:\/\/reinasbuckfast.es\/wp-content\/uploads\/2023\/12\/mano-787x1024.jpg\" alt=\"\" class=\"wp-image-489\" style=\"width:389px;height:auto\" srcset=\"https:\/\/reinasbuckfast.es\/wp-content\/uploads\/2023\/12\/mano-787x1024.jpg 787w, https:\/\/reinasbuckfast.es\/wp-content\/uploads\/2023\/12\/mano-230x300.jpg 230w, https:\/\/reinasbuckfast.es\/wp-content\/uploads\/2023\/12\/mano-768x1000.jpg 768w, https:\/\/reinasbuckfast.es\/wp-content\/uploads\/2023\/12\/mano.jpg 908w\" sizes=\"auto, (max-width: 787px) 100vw, 787px\" \/><figcaption class=\"wp-element-caption\"><mark style=\"background-color:rgba(0, 0, 0, 0)\" class=\"has-inline-color has-nv-dark-bg-color\"><strong>Jos\u00e9 \u00abEl ma\u00f1o\u00bb<\/strong>.<\/mark><\/figcaption><\/figure>\n<\/div><\/div>\n<\/div>\n<\/div><\/div>\n<\/div><\/div>\n\n\n\n<div class=\"wp-block-cover alignfull is-light\" style=\"min-height:600px;aspect-ratio:unset;\"><span aria-hidden=\"true\" class=\"wp-block-cover__background has-nv-dark-bg-background-color has-background-dim\"><\/span><img loading=\"lazy\" decoding=\"async\" width=\"1280\" height=\"660\" class=\"wp-block-cover__image-background wp-image-486\" alt=\"\" src=\"http:\/\/reinasbuckfast.es\/wp-content\/uploads\/2023\/12\/15062021084904015.jpg\" style=\"object-position:0% 55%\" data-object-fit=\"cover\" data-object-position=\"0% 55%\" srcset=\"https:\/\/reinasbuckfast.es\/wp-content\/uploads\/2023\/12\/15062021084904015.jpg 1280w, https:\/\/reinasbuckfast.es\/wp-content\/uploads\/2023\/12\/15062021084904015-300x155.jpg 300w, https:\/\/reinasbuckfast.es\/wp-content\/uploads\/2023\/12\/15062021084904015-1024x528.jpg 1024w, https:\/\/reinasbuckfast.es\/wp-content\/uploads\/2023\/12\/15062021084904015-768x396.jpg 768w\" sizes=\"auto, (max-width: 1280px) 100vw, 1280px\" \/><div class=\"wp-block-cover__inner-container is-layout-flow wp-block-cover-is-layout-flow\">\n<div class=\"wp-block-group\"><div class=\"wp-block-group__inner-container is-layout-flow wp-block-group-is-layout-flow\">\n<div class=\"wp-block-columns are-vertically-aligned-center is-layout-flex wp-container-core-columns-is-layout-9d6595d7 wp-block-columns-is-layout-flex\">\n<div class=\"wp-block-column is-vertically-aligned-center is-layout-flow wp-block-column-is-layout-flow\" style=\"flex-basis:50%\"><div class=\"wp-block-image\">\n<figure class=\"aligncenter size-large is-resized\"><img loading=\"lazy\" decoding=\"async\" width=\"768\" height=\"1024\" src=\"https:\/\/reinasbuckfast.es\/wp-content\/uploads\/2023\/12\/IMG-20231201-WA0085-768x1024.jpg\" alt=\"\" class=\"wp-image-538\" style=\"width:412px;height:auto\" srcset=\"https:\/\/reinasbuckfast.es\/wp-content\/uploads\/2023\/12\/IMG-20231201-WA0085-768x1024.jpg 768w, https:\/\/reinasbuckfast.es\/wp-content\/uploads\/2023\/12\/IMG-20231201-WA0085-225x300.jpg 225w, https:\/\/reinasbuckfast.es\/wp-content\/uploads\/2023\/12\/IMG-20231201-WA0085-1152x1536.jpg 1152w, https:\/\/reinasbuckfast.es\/wp-content\/uploads\/2023\/12\/IMG-20231201-WA0085.jpg 1200w\" sizes=\"auto, (max-width: 768px) 100vw, 768px\" \/><\/figure>\n<\/div><\/div>\n\n\n\n<div class=\"wp-block-column is-vertically-aligned-center is-layout-flow wp-block-column-is-layout-flow\" style=\"flex-basis:50%\">\n<h2 class=\"wp-block-heading has-text-align-center has-nv-text-dark-bg-color has-text-color\"><strong>Garant\u00eda de calidad<\/strong><\/h2>\n\n\n\n<p class=\"has-text-align-left has-nv-text-dark-bg-color has-text-color\" style=\"font-size:17px\">Una vez fecundadas las reinas las<strong> testamos<\/strong>, introduci\u00e9ndolas en n\u00facleos y comprobamos su <strong>capacidad de puesta, el aspecto, comportamiento (mansedumbre) y vitalidad<\/strong> de su progenie, <strong>durante 45 d\u00edas<\/strong>. Periodo que consideramos absolutamente indispensable para asegurarnos que sus majestades cumplen el <strong>est\u00e1ndar de calidad optimo<\/strong> exigido para poder ser entregadas al cliente. <\/p>\n\n\n\n<p class=\"has-text-align-left has-nv-text-dark-bg-color has-text-color\" style=\"font-size:17px\"><strong>Solamente servimos lo mejor.<\/strong> <\/p>\n<\/div>\n<\/div>\n<\/div><\/div>\n<\/div><\/div>\n\n\n\n<div class=\"wp-block-cover alignfull\" style=\"min-height:600px;aspect-ratio:unset;\"><span aria-hidden=\"true\" class=\"wp-block-cover__background has-nv-light-bg-background-color has-background-dim-100 has-background-dim\"><\/span><div class=\"wp-block-cover__inner-container is-layout-flow wp-block-cover-is-layout-flow\">\n<div class=\"wp-block-columns are-vertically-aligned-center is-layout-flex wp-container-core-columns-is-layout-9d6595d7 wp-block-columns-is-layout-flex\">\n<div class=\"wp-block-column is-vertically-aligned-center is-layout-flow wp-block-column-is-layout-flow\" style=\"flex-basis:50%\">\n<div class=\"wp-block-group\"><div class=\"wp-block-group__inner-container is-layout-constrained wp-block-group-is-layout-constrained\">\n<h2 class=\"wp-block-heading has-text-align-left has-neve-text-color-color has-text-color\">Asesoramiento continuo.<\/h2>\n\n\n\n<p class=\"has-text-align-left has-neve-text-color-color has-text-color\" style=\"font-size:17px\">En apidesert, no solamente nos dedicamos a suministrarte <strong>las mejores reinas buckfast fecundadas,<\/strong> si no que tambi\u00e9n te asesoraremos en todo lo necesario, introducci\u00f3n de reinas, manejos, alimentaci\u00f3n, producci\u00f3n, etc. Somos conscientes que la gen\u00e9tica forma un papel primordial en tu explotaci\u00f3n, pero no lo es todo, la mejor abeja, con las mejores caracter\u00edsticas, sin un buen proceder, puede no llevarte a los resultados deseados, si tu quieres, <strong>te daremos las pautas necesarias para que puedas sacar el mejor partido a la abeja buckfast,<\/strong> cuando conozcas <strong>su potencial te mostrar\u00e1 situaciones que ni siquiera has podido imaginar.<\/strong><\/p>\n<\/div><\/div>\n<\/div>\n\n\n\n<div class=\"wp-block-column is-vertically-aligned-center is-layout-flow wp-block-column-is-layout-flow\" style=\"flex-basis:50%\"><div class=\"wp-block-image\">\n<figure class=\"aligncenter size-large is-resized\"><img loading=\"lazy\" decoding=\"async\" width=\"1024\" height=\"768\" src=\"http:\/\/reinasbuckfast.es\/wp-content\/uploads\/2023\/12\/IMG-20231018-WA0001-1024x768.jpg\" alt=\"\" class=\"wp-image-421\" style=\"width:540px;height:auto\" srcset=\"https:\/\/reinasbuckfast.es\/wp-content\/uploads\/2023\/12\/IMG-20231018-WA0001-1024x768.jpg 1024w, https:\/\/reinasbuckfast.es\/wp-content\/uploads\/2023\/12\/IMG-20231018-WA0001-300x225.jpg 300w, https:\/\/reinasbuckfast.es\/wp-content\/uploads\/2023\/12\/IMG-20231018-WA0001-768x576.jpg 768w, https:\/\/reinasbuckfast.es\/wp-content\/uploads\/2023\/12\/IMG-20231018-WA0001-1536x1152.jpg 1536w, https:\/\/reinasbuckfast.es\/wp-content\/uploads\/2023\/12\/IMG-20231018-WA0001.jpg 2048w\" sizes=\"auto, (max-width: 1024px) 100vw, 1024px\" \/><figcaption class=\"wp-element-caption\"><mark style=\"background-color:rgba(0, 0, 0, 0)\" class=\"has-inline-color has-nv-dark-bg-color\">Jos\u00e9 \u00abel Ma\u00f1o\u00bb, ense\u00f1ando a nuevas generaciones de apicultores.<\/mark><\/figcaption><\/figure>\n<\/div><\/div>\n<\/div>\n<\/div><\/div>\n\n\n\n<div class=\"wp-block-cover alignfull\" style=\"min-height:300px;aspect-ratio:unset;\"><span aria-hidden=\"true\" class=\"wp-block-cover__background has-nv-dark-bg-background-color has-background-dim\"><\/span><img loading=\"lazy\" decoding=\"async\" width=\"1000\" height=\"667\" class=\"wp-block-cover__image-background wp-image-487\" alt=\"\" src=\"http:\/\/reinasbuckfast.es\/wp-content\/uploads\/2023\/12\/16143420112247.jpg\" data-object-fit=\"cover\" srcset=\"https:\/\/reinasbuckfast.es\/wp-content\/uploads\/2023\/12\/16143420112247.jpg 1000w, https:\/\/reinasbuckfast.es\/wp-content\/uploads\/2023\/12\/16143420112247-300x200.jpg 300w, https:\/\/reinasbuckfast.es\/wp-content\/uploads\/2023\/12\/16143420112247-768x512.jpg 768w, https:\/\/reinasbuckfast.es\/wp-content\/uploads\/2023\/12\/16143420112247-930x620.jpg 930w\" sizes=\"auto, (max-width: 1000px) 100vw, 1000px\" \/><div class=\"wp-block-cover__inner-container is-layout-flow wp-block-cover-is-layout-flow\">\n<div class=\"wp-block-columns alignwide are-vertically-aligned-center is-layout-flex wp-container-core-columns-is-layout-9d6595d7 wp-block-columns-is-layout-flex\">\n<div class=\"wp-block-column is-vertically-aligned-center is-layout-flow wp-block-column-is-layout-flow\"><div class=\"wp-block-image\">\n<figure class=\"aligncenter size-large is-resized\"><img loading=\"lazy\" decoding=\"async\" width=\"768\" height=\"1024\" src=\"http:\/\/reinasbuckfast.es\/wp-content\/uploads\/2023\/12\/IMG-20231201-WA0073-768x1024.jpg\" alt=\"\" class=\"wp-image-474\" style=\"width:431px;height:auto\" srcset=\"https:\/\/reinasbuckfast.es\/wp-content\/uploads\/2023\/12\/IMG-20231201-WA0073-768x1024.jpg 768w, https:\/\/reinasbuckfast.es\/wp-content\/uploads\/2023\/12\/IMG-20231201-WA0073-225x300.jpg 225w, https:\/\/reinasbuckfast.es\/wp-content\/uploads\/2023\/12\/IMG-20231201-WA0073-1152x1536.jpg 1152w, https:\/\/reinasbuckfast.es\/wp-content\/uploads\/2023\/12\/IMG-20231201-WA0073.jpg 1200w\" sizes=\"auto, (max-width: 768px) 100vw, 768px\" \/><\/figure>\n<\/div><\/div>\n\n\n\n<div class=\"wp-block-column is-vertically-aligned-center is-layout-flow wp-block-column-is-layout-flow\">\n<h2 class=\"wp-block-heading\">Entregas inmediatas.<\/h2>\n\n\n\n<p class=\"has-text-align-left\">Debido a nuestro sistema de testeo, y a que <strong>nuestras reinas fecundadas pr\u00e1cticamente forman parte de nuestra caba\u00f1a ap\u00edcola,<\/strong> nos permite acortar los <strong>plazos de entrega al m\u00ednimo,<\/strong> estando capacitados, en determinados momentos, para poder<strong> atender vuestros pedidos casi de manera inmediata, en plena temporada.<\/strong><\/p>\n<\/div>\n<\/div>\n<\/div><\/div>\n<\/div><\/div>\n\n\n\n<div style=\"height:32px\" aria-hidden=\"true\" class=\"wp-block-spacer\"><\/div>\n\n\n\n<div class=\"wp-block-buttons is-horizontal is-content-justification-left is-layout-flex wp-container-core-buttons-is-layout-92fc3979 wp-block-buttons-is-layout-flex\">\n<div class=\"wp-block-button is-style-primary\"><a class=\"wp-block-button__link has-text-align-left wp-element-button\" href=\"https:\/\/reinasbuckfast.es\/index.php\/15c42-web-agency-gb-portfolio\/\">AS\u00cd TRABAJAMOS<\/a><\/div>\n\n\n\n<div class=\"wp-block-button is-style-primary\"><a class=\"wp-block-button__link has-text-align-left wp-element-button\" href=\"https:\/\/reinasbuckfast.es\/index.php\/15c42-web-agency-gb-about-us\/\">PEDIDOS<\/a><\/div>\n\n\n\n<div class=\"wp-block-button is-style-primary\"><a class=\"wp-block-button__link wp-element-button\" href=\"https:\/\/reinasbuckfast.es\/index.php\/15c42-web-agency-gb-contact-us\/\">CONTACTO<\/a><\/div>\n\n\n\n<div class=\"wp-block-button is-style-primary\"><a class=\"wp-block-button__link has-text-align-left wp-element-button\" href=\"http:\/\/www.youtube.com\/@ApiDesert-ReinasBuckfast\">CANAL DE YOUTUBE<\/a><\/div>\n<\/div>\n","protected":false},"excerpt":{"rendered":"","protected":false},"author":1,"featured_media":0,"parent":0,"menu_order":1,"comment_status":"closed","ping_status":"closed","template":"","meta":{"neve_meta_sidebar":"full-width","neve_meta_container":"","neve_meta_enable_content_width":"on","neve_meta_content_width":100,"neve_meta_title_alignment":"","neve_meta_author_avatar":"","neve_post_elements_order":"","neve_meta_disable_header":"","neve_meta_disable_footer":"","neve_meta_disable_title":"on","_themeisle_gutenberg_block_has_review":false,"_ti_tpc_template_sync":false,"_ti_tpc_template_id":"94gtya0n2udx05knf121","footnotes":""},"class_list":["post-69","page","type-page","status-publish","hentry"],"_links":{"self":[{"href":"https:\/\/reinasbuckfast.es\/index.php\/wp-json\/wp\/v2\/pages\/69","targetHints":{"allow":["GET"]}}],"collection":[{"href":"https:\/\/reinasbuckfast.es\/index.php\/wp-json\/wp\/v2\/pages"}],"about":[{"href":"https:\/\/reinasbuckfast.es\/index.php\/wp-json\/wp\/v2\/types\/page"}],"author":[{"embeddable":true,"href":"https:\/\/reinasbuckfast.es\/index.php\/wp-json\/wp\/v2\/users\/1"}],"replies":[{"embeddable":true,"href":"https:\/\/reinasbuckfast.es\/index.php\/wp-json\/wp\/v2\/comments?post=69"}],"version-history":[{"count":15,"href":"https:\/\/reinasbuckfast.es\/index.php\/wp-json\/wp\/v2\/pages\/69\/revisions"}],"predecessor-version":[{"id":638,"href":"https:\/\/reinasbuckfast.es\/index.php\/wp-json\/wp\/v2\/pages\/69\/revisions\/638"}],"wp:attachment":[{"href":"https:\/\/reinasbuckfast.es\/index.php\/wp-json\/wp\/v2\/media?parent=69"}],"curies":[{"name":"wp","href":"https:\/\/api.w.org\/{rel}","templated":true}]}}